(p) = -p**2 - 7*p - 5. Let f(r) = -r**2 - 4*r - 3. Let y(c) = -5*f(c) + 3*s(c). What is y(1)?
1
Let r(a) be the first derivative of 2*a**3/3 - 3. What is r(1)?
2
Let k be -9*(4 - (-11)/(-3)). Let i(c) = -c. Let p(f) = -1. Let b(a) = -4*i(a) - p(a). What is b(k)?
-11
Let j be 3/4*(0 + 8). Let p(h) = -h - 2. Determine p(j).
-8
Let i(m) = m**3 - 6*m**2 - 6*m - 4. Let o be i(7). Let h(g) = -g**2 - 2 - 2*g + o + 2*g + g. Give h(1).
1
Let y(l) = -3*l**2 - 7*l**2 - l + l**2. Calculate y(-1).
-8
Let s(h) be the second derivative of h**5/20 + 5*h**4/12 - 2*h**3/3 + 2*h**2 - 45*h. Determine s(-6).
-8
Let a(j) = -2*j**2 + j**2 - 28 + 54 - 25. Let o(x) = x + 1. Let y be o(1). Calculate a(y).
-3
Let l(f) = f**2 - 2*f - 5. Suppose -5*r + 12 = 4*p, -4*r + r + 8 = 2*p. Give l(r).
3
Suppose -4*y + 35 = 3. Let w(z) = y + 0 - 3*z - 12. What is w(3)?
-13
Let l(i) be the second derivative of -i**5/10 + i**4/6 + i**2/2 - 41*i. Determine l(3).
-35
Let y(a) = 4 - 3*a**2 - a**2 - a**3 + 2*a + 5*a**2. Determine y(3).
-8
Let c(f) = -f**3 + 4*f + 2. Let x be c(-2). Let y(k) be the third derivative of 0 + 0*k**4 + 1/120*k**6 - k**3 + 2*k**x + 0*k**5 + 0*k. Give y(0).
-6
Let q(c) = c - 1 + 3*c + 2*c. Let x be (-4)/(-3) + 1/(-3). Calculate q(x).
5
Suppose -7 = 5*f + 18. Let z(y) = -y**2 - 3*y + 7. Give z(f).
-3
Let g(z) be the third derivative of 3*z**6/40 - z**5/60 - z**4/24 + z**3/6 - 8*z**2. Determine g(1).
8
Suppose 0 = -2*b + 2*g + g + 17, 14 = 2*b - 4*g. Suppose 0 = -2*v + 3*v - 2. Let h be v/b + 72/39. Let i(p) = -2*p**3 + 2*p**2 + 2*p - 1. Give i(h).
-5
Let k(f) be the first derivative of -f**5/60 + f**4/4 + f**2 + 3. Let x(s) be the second derivative of k(s). Give x(6).
0
Let z(s) = s**2 - 6*s + 1. Let o be z(5). Let j(h) = h**3 + 3*h**2 + 2*h - 3. What is j(o)?
-27
Let n(j) = j**3 + 2*j**3 + 0*j**3 - 1 + 0*j**3 - 3*j**2. Let s(h) = -2*h**3 + 2*h**2 + 1. Let f(a) = 3*n(a) + 5*s(a). Give f(0).
2
Let o(t) = t**2 - 3*t - 1. Let d be 4 + (1 - 2)*2. Calculate o(d).
-3
Let n be 50/6 - 2/(-3). Let s = n - 6. Let m(c) = -3*c + 0*c + 3 + 4*c. Give m(s).
6
Suppose -3*x = -3 - 3, -5*x + 2 = -2*g. Let n(v) = -v**2 + 3*v - 4. Give n(g).
-8
Suppose z - 2*z = 0. Let n be 0 - z - (1 + -2). Let a(y) be the third derivative of y**5/15 + y**4/12 - y**3/6 + y**2. Determine a(n).
5
Let t(d) be the third derivative of -d**5/60 + d**4/12 + d**3/6 - 3*d**2. Suppose h + 0*h + q - 1 = 0, h + 4*q = -5. What is t(h)?
-2
Let i be (-5 + -1)*6/(-4). Let o(p) = -3*p + 11 + p - p - i. Determine o(-5).
17
Suppose 0*s + s - 4 = 0. Let i(c) be the first derivative of c**3/3 - 3*c**2 + 5*c - 8. Give i(s).
-3
Let k(z) = z**3 - 6*z**2 + 4*z. Suppose 5 = -f - f + 3*w, 20 = 2*f + 2*w. Suppose 0 = -f*v, 2*i + 7*v = 2*v. Suppose b + 3*b - 20 = i. Calculate k(b).
-5
Suppose -4*x + 3*w - 6 = 2*w, 2 = w. Let i(k) = -11*k. Determine i(x).
11
Let k be (-9)/6*(-2)/(-3). Suppose 6*i = i + 15. Let t(j) = -j - 8*j**2 + 3 - 1 - i. Determine t(k).
-8
Suppose -3*v - 5 = 13. Let n(i) = -3*i**2 - 6*i + 2. Let r(k) = 13*k**2 + 24*k - 9. Let a(f) = -9*n(f) - 2*r(f). Determine a(v).
0
Let a(t) = 2*t + 2. Suppose 6 = -l + 2. Give a(l).
-6
Let q(o) = -o**3 + 5*o**2 - 2*o + 4. Let b be q(4). Let n = 14 - b. Let m(y) = -5*y - 2. Give m(n).
-12
Let y be 6/21 - (-10)/14. Let r(o) = 1 - o - y. Let j = 1 - -1. Determine r(j).
-2
Let y(l) = l**2 - l - 3. Suppose 0 = -0*p + 5*p - 30. Let n(r) = 2*r - 4. Let h be n(5). Let z = h - p. Determine y(z).
-3
Let f(l) = l**2 - 3*l - 4. Let j be 4 - 1 - (-2 + 1). Suppose j*h = 4*a + 4, -2*h + 16 = -4*a - 4*h. Let s = 0 - a. What is f(s)?
-4
Let a(i) = 24 + 0*i + 0*i - 23 - i - i. Let p(h) = -3*h**3 + h**2 + 2*h + 1. Let k be p(-1). Give a(k).
-5
Let h(g) be the first derivative of g**2/2 + 6*g - 34. Give h(-6).
0
Let x(q) = -q + 12. Let l(n) = -2*n + 23. Let z(p) = -6*l(p) + 11*x(p). Let m be 2/(-2) - (2 + 0). Let s = m - -7. Calculate z(s).
-2
Let x(w) = 6*w**2 + 2*w + 1. Let n(b) = b + 1. Let z(q) = 2*n(q) - x(q). Determine z(1).
-5
Let p(v) be the second derivative of v**5/2 + v**4/12 - v**2/2 + 5*v. Suppose -q + 4*b - 1 = 0, b - 3*b = -5*q - 5. Determine p(q).
-10
Suppose 2*o = 2*q - o - 3, 0 = -2*q - o - 1. Let d(y) = -y**2 - 1. Give d(q).
-1
Let a(k) be the third derivative of 3*k**2 + 2/3*k**3 - 1/8*k**4 + 0*k + 1/20*k**5 - 1/120*k**6 + 0. Give a(3).
-5
Let p(f) = f + 4*f - 3*f - f. Calculate p(3).
3
Suppose 0 = -0*v + 5*v - 30. Let s(q) = q**3 - 5*q**2 - 5*q - 5. What is s(v)?
1
Let z(t) = -14 + 32 - 17 - 6*t. Give z(-2).
13
Let x(u) = 8*u + u**2 - 8*u - 2 + 0*u. Give x(-2).
2
Let b = 0 - -4. Let d(k) = 17*k**2 - b*k**2 - 12*k**2 - 3*k + 7*k + 1. Determine d(-3).
-2
Suppose 21*v = 20*v + 3. Let m(y) = -y**2 + 5*y - 3. Determine m(v).
3
Let z(m) = m - 4. Let b be ((-21)/(-15))/((2/(-5))/(-2)). Give z(b).
3
Let v = 0 - -5. Let u(t) be the second derivative of t**3/6 - 3*t**2/2 + 9*t. Calculate u(v).
2
Let z(w) be the first derivative of -w**3/3 - w**2/2 - 3*w + 1. Give z(-3).
-9
Suppose -4*i - 2 = -2*i. Let z(r) be the second derivative of r**5/4 - r**4/12 - r**3/6 - r**2/2 + 2*r. Give z(i).
-6
Let j(a) = a - 4. Let d = 16 + -13. Give j(d).
-1
Suppose 4*l + 12 = -0*l. Let u = 7 + -5. Let o(i) = -4*i + i**u - 5 - 2*i**2 - i**2 + 4. What is o(l)?
-7
Let y(r) = -r**3 - 6*r**2 - r. Let o(t) = -t**3 - 6*t**2 - t. Let v(j) = -j + 2. Let c be v(-3). Let q(k) = c*y(k) - 6*o(k). Determine q(-6).
-6
Let t(l) = -l**2 + 7*l + 3. Let p(q) = -q**2 - 6*q - 1. Let i be p(-4). What is t(i)?
3
Let t(m) be the third derivative of m**4/24 + 5*m**3/6 + 7*m**2. What is t(-4)?
1
Let k(g) = -2*g**2 - 5*g - 5. Let o be k(-7). Let l be o/(-18) - 4/(-18). Let s(a) = -1 - a + 3 + 0. Give s(l).
-2
Let b be (-4 - -1)*32/24. Let r(o) = o + 5. What is r(b)?
1
Suppose -8 = -12*y + 40. Let h(z) = -z - 3. Determine h(y).
-7
Let d(a) = -a**2 + 7*a + 1. Suppose 3*z - 2 - 13 = -h, 3*h + 9 = 0. Calculate d(z).
7
Let t(q) be the second derivative of -q**3/6 + 4*q. Let w(c) = 5. Let g(b) = t(b) + w(b). Give g(4).
1
Let x(z) = -z**3 + 5*z**2 - z - 3. Suppose -5*g + 0*o + 11 = -4*o, -4*o + 13 = 3*g. Suppose i = 3*u + g, -4*i - 2*u + 12 = -5*u. Determine x(i).
12
Let m(j) = j**2 + 7*j + 6. Let u = 19 - 17. Let v be (2 + 0)/((-1)/u). What is m(v)?
-6
Let f(t) = 5*t + 2. Let l(n) = 4 + 7 + 5*n - 6 + 6*n. Let y(b) = 9*f(b) - 4*l(b). What is y(-2)?
-4
Let r(h) be the first derivative of -h**2/2 + 2. Suppose -2*q - 3*v - 1 = 0, 4*q + 2*v - 26 = 6*q. Let i = -4 - q. Give r(i).
-4
Let m be (-3)/(1 - -2)*-4. Let w(d) = -d**3 + 5*d**2 - 2*d + 3. Calculate w(m).
11
Let f(b) = b**3 + 2*b**2 - b. Suppose -4*u + 5*t = 2*t + 20, -5*u - 14 = -t. What is f(u)?
2
Let p(z) be the first derivative of -z**2/2 + 3*z + 2. Let b = -4 + 1. Give p(b).
6
Let d = 4 + -1. Let t(f) = 5*f**2 - 3*f + 2. Let i(b) = -11*b**2 + 8*b - 3*b - 5 + 2*b. Let w(q) = 6*i(q) + 13*t(q). Give w(d).
-4
Let q(c) be the second derivative of c**3/6 - c**2/2 - c. Let g be 0*3*(-4)/(-12). Suppose -r + 1 = -g. What is q(r)?
0
Let v = -40 - -39. Let n(l) = l - 1. Give n(v).
-2
Let o(u) = u**2 - 2*u - 1. Let q be 5*1 - (-14 - -14). Calculate o(q).
14
Let g(t) = -4*t**2 + t - 5. Let x(s) = -7*s**2 + 3*s - 9. Suppose 0 = 5*i - 14 - 1. Let p(m) = i*x(m) - 5*g(m). Give p(4).
-2
Let v(n) = 6*n**2 + 6*n - 19. Let k(q) = 7*q**2 + 7*q - 20. Let z(g) = -5*k(g) + 6*v(g). Give z(0).
-14
Let g(a) = -a**2 + 6*a + 6. Let h be g(6). Let u(s) = -7*s**2 + s - 3. Let d(x) = 15*x**2 - 2*x + 6. Let p(k) = h*d(k) + 13*u(k). Calculate p(0).
-3
Let n(f) be the second derivative of f**6/120 + f**4/12 - f**3/6 - f**2/2 + f. Let b(q) be the first derivative of n(q). Determine b(1).
2
Let k be 0 + 2*(-60)/(-8). Let m(n) = -n**2 - k + 15 + n. Determine m(-1).
-2
Let m be (13 - 7)*6/(-4). Let j = 12 + m. Suppose 6 = j*q + 18. Let s(f) = 2*f. Give s(q).
-8
Let y(d) = d - 6. Let t = 7 + 1. Let l = t + -3. What is y(l)?
-1
Let w(b) = 10*b**2 - b**3 + 0 - 11*b**2 + 1. Calculate w(-2).
5
Let s(v) = v + 0*v + 5 - v**2 + 0*v - 8*v. Give s(-8).
-3
Let f(c) = -3*c**2. Let u(s) = -8*s**2 - s. Let y(b) = -11*f(b) + 4*u(b). Calculate y(2).
-4
Let y(h) = -3*h**3 - 3*h**2 - h. Let z = -12 - -22. Suppose -2*d = 3*d + z. Determine y(d).
14
Let q be -2 - 0/(2 + -1). Let h be (3/q)/((-3)/4). Let s(u) = 4*u**h - u**2 + 6*u**